 a multiple of 31?
False
Is 235 a factor of 7990?
True
Is 363 a multiple of 14?
False
Does 48 divide 38976?
True
Does 20 divide 680?
True
Is 30 a factor of 5807?
False
Is 962 a multiple of 19?
False
Is 19091 a multiple of 3?
False
Is 3 a factor of 130?
False
Does 2 divide 60?
True
Is 1232 a multiple of 28?
True
Does 7 divide 6916?
True
Does 31 divide 62744?
True
Is 6 a factor of 7494?
True
Is 27 a factor of 1917?
True
Is 123 even?
False
Is 4601 a multiple of 43?
True
Is 2528 a multiple of 16?
True
Is 124 a factor of 620?
True
Is 61 a factor of 76523?
False
Is 13401 a multiple of 201?
False
Is 1047 a multiple of 22?
False
Is 132 a factor of 46332?
True
Does 122 divide 6949?
False
Is 19 a factor of 836?
True
Is 10 a factor of 3586?
False
Is 767 a multiple of 40?
False
Is 28 a factor of 607?
False
Is 1650 a multiple of 6?
True
Does 25 divide 350?
True
Does 24 divide 21312?
True
Is 2 a factor of 970?
True
Is 12 a factor of 3837?
False
Is 7 a factor of 17164?
True
Is 16 a factor of 30144?
True
Is 1182 a multiple of 22?
False
Is 10 a factor of 12810?
True
Does 35 divide 282?
False
Is 6 a factor of 1311?
False
Is 4505 a multiple of 53?
True
Is 9380 a multiple of 22?
False
Is 5808 a multiple of 13?
False
Is 161 a factor of 504?
False
Does 9 divide 1161?
True
Is 2952 a multiple of 8?
True
Is 379 a multiple of 28?
False
Is 108 a multiple of 3?
True
Is 31 a factor of 146909?
True
Is 7591 even?
False
Does 18 divide 1764?
True
Is 6 a factor of 48?
True
Is 9 a factor of 19917?
True
Is 126796 a multiple of 139?
False
Does 28 divide 12180?
True
Is 43360 a multiple of 32?
True
Does 16 divide 20672?
True
Does 13 divide 1774?
False
Is 18722 a multiple of 22?
True
Is 341 a multiple of 3?
False
Is 17 a factor of 748?
True
Is 17050 a multiple of 50?
True
Is 140 a multiple of 5?
True
Does 7 divide 483?
True
Is 738 a multiple of 6?
True
Is 14 a multiple of 14?
True
Does 64 divide 75493?
False
Is 13750 a multiple of 22?
True
Is 13 a factor of 24632?
False
Is 84 a factor of 129436?
False
Is 3256 a multiple of 44?
True
Does 9 divide 8237?
False
Is 1047 a multiple of 39?
False
Is 22264 a multiple of 7?
False
Is 34 a factor of 4402?
False
Is 22777 a multiple of 70?
False
Is 18 a factor of 1296?
True
Does 19 divide 1900?
True
Does 15 divide 945?
True
Is 39 a factor of 117?
True
Is 158 a factor of 28732?
False
Is 120 a factor of 14882?
False
Is 1072 a multiple of 127?
False
Is 26 a factor of 114?
False
Is 365 a multiple of 4?
False
Does 35 divide 2855?
False
Is 1110 a multiple of 10?
True
Is 117 a factor of 57393?
False
Does 31 divide 1870?
False
Is 668 a multiple of 167?
True
Is 27 a factor of 10850?
False
Does 19 divide 513?
True
Is 54 a factor of 4266?
True
Is 40 a factor of 2147?
False
Is 71 a factor of 5964?
True
Is 9 a factor of 2088?
True
Does 27 divide 189?
True
Is 22424 a multiple of 243?
False
Is 15 a factor of 1869?
False
Does 14 divide 1652?
True
Is 1419 a multiple of 18?
False
Is 14 a factor of 1078?
True
Does 5 divide 292?
False
Is 24 a factor of 1776?
True
Is 40 a factor of 722?
False
Does 5 divide 384?
False
Is 26520 a multiple of 19?
False
Is 3472 a multiple of 99?
False
Is 43 a factor of 40238?
False
Is 3 a factor of 1785?
True
Does 76 divide 463?
False
Is 2406 a multiple of 2?
True
Does 19 divide 45106?
True
Does 21 divide 1092?
True
Is 334 even?
True
Does 18 divide 16368?
False
Is 210 a multiple of 14?
True
Does 27 divide 6627?
False
Is 7929 a multiple of 131?
False
Is 26053 a multiple of 216?
False
Is 155 a multiple of 2?
False
Is 3888 a multiple of 18?
True
Is 10408 a multiple of 26?
False
Is 12 a factor of 28216?
False
Is 8 a factor of 4138?
False
Is 529 even?
False
Does 25 divide 6007?
False
Is 9 a factor of 456?
False
Is 11 a factor of 45111?
True
Does 3 divide 486?
True
Is 138 a factor of 6900?
True
Does 451 divide 55021?
False
Does 20 divide 312?
False
Does 190 divide 4750?
True
Is 1956 a multiple of 20?
False
Does 8 divide 688?
True
Is 12 a factor of 2045?
False
Is 13 a factor of 12402?
True
Is 1740 a multiple of 15?
True
Does 71 divide 8095?
False
Is 10 a factor of 2450?
True
Is 18445 a multiple of 119?
True
Is 111 a factor of 32679?
False
Is 49 a factor of 44560?
False
Is 3488 a multiple of 76?
False
Does 14 divide 1727?
False
Is 56772 a multiple of 19?
True
Is 121 a factor of 8574?
False
Is 69 a factor of 981?
False
Does 9 divide 3340?
False
Is 14784 a multiple of 53?
False
Is 13608 a multiple of 30?
False
Is 26631 a multiple of 11?
True
Does 13 divide 182?
True
Does 139 divide 12883?
False
Is 187 even?
False
Is 2558 a multiple of 12?
False
Is 8 a factor of 872?
True
Is 54 a factor of 1471?
False
Does 6 divide 28382?
False
Does 45 divide 7219?
False
Does 29 divide 435?
True
Is 699 a multiple of 5?
False
Is 236 a factor of 1483?
False
Is 22 a factor of 1210?
True
Is 20 a factor of 4840?
True
Does 6 divide 348?
True
Is 19391 a multiple of 10?
False
Does 4 divide 52?
True
Is 109 a factor of 310?
False
Is 3 a factor of 218?
False
Does 11 divide 121?
True
Is 7 a factor of 154?
True
Does 18 divide 48916?
False
Does 15 divide 465?
True
Does 18 divide 373?
False
Is 59780 a multiple of 98?
True
Is 106 a factor of 2412?
False
Is 10228 a multiple of 61?
False
Does 3 divide 1236?
True
Is 38886 a multiple of 156?
False
Is 61 a multiple of 12?
False
Does 6 divide 24044?
False
Does 159 divide 61692?
True
Is 12369 a multiple of 93?
True
Does 157 divide 109900?
True
Does 97 divide 7925?
False
Is 111 a factor of 17624?
False
Is 23 a factor of 1104?
True
Does 79 divide 2217?
False
Is 283 a multiple of 7?
False
Is 37 a factor of 3385?
False
Is 10 a factor of 5700?
True
Is 34 a factor of 77350?
True
Is 8595 a multiple of 29?
False
Is 2240 a multiple of 16?
True
Is 13 a factor of 7507?
False
Does 2 divide 163?
False
Is 8 a factor of 531?
False
Does 17 divide 3749?
False
Does 16 divide 1104?
True
Is 24 a factor of 3504?
True
Does 55 divide 25025?
True
Is 1344 a multiple of 124?
False
Is 21 a factor of 462?
True
Does 43 divide 946?
True
Is 26 a factor of 2776?
False
Is 35880 a multiple of 30?
True
Is 21 a factor of 717?
False
Does 64 divide 832?
True
Is 282 a multiple of 19?
False
Is 11 a factor of 1122?
True
Is 93 a factor of 32046?
False
Is 93389 a multiple of 12?
False
Is 17 a factor of 627?
False
Is 4 a factor of 592?
True
Does 61 divide 14335?
True
Does 159 divide 32754?
True
Is 23 a factor of 36731?
True
Is 30 a factor of 7980?
True
Does 17 divide 629?
True
Is 10 a factor of 2440?
True
Is 66 a factor of 66?
True
Is 18036 a multiple of 46?
False
Does 33 divide 1528?
False
Is 4 a factor of 3272?
True
Is 1200 a multiple of 40?
True
Is 65 a factor of 3380?
True
Is 11 a factor of 3971?
True
Is 58 a factor of 638?
True
Is 702 a multiple of 54?
True
Is 2 a factor of 6633?
False
Is 113 a multiple of 18?
False
Does 52 divide 278?
False
Is 61 a factor of 2318?
True
Is 41 a factor of 926?
False
Does 14 divide 2094?
False
Does 19 divide 2983?
True
Is 8892 a multiple of 78?
True
Is 3327 a multiple of 62?
False
Is 3711 a multiple of 13?
False
Does 7 divide 6041?
True
Does 141 divide 10575?
True
Is 37946 a multiple of 118?
False
Is 15 a factor of 855?
True
Does 21 divide 1112?
False
Is 5817 a multiple of 42?
False
Is 3 a factor of 2215?
False
Is 19 a factor of 213712?
True
Does 37 divide 2738?
True
Is 13 a factor of 21957?
True
Is 25 a factor of 1499?
False
Does 8 divide 600?
True
Is 23 a factor of 500?
False
Does 94 divide 2032?
False
Does 20 divide 4000?
True
Is 10 a factor of 1080?
True
Is 36 a factor of 9350?
False
Is 82 a factor of 59023?
False
Does 47 divide 7692?
False
Is 13592 a multiple of 8?
True
Does 17 divide 419?
False
Is 22 a factor of 21219?
False
Is 12 a factor of 146?
False
Is 3090 a multiple of 15?
True
Is 226 a multiple of 80?
False
Is 21 a factor of 10215?
False
Is 11 a factor of 825?
True
Is 6188 a multiple of 32?
False
Is 5 a factor of 24743?
False
Is 9577 a multiple of 13?
False
Is 22 a factor of 2156?
True
Is 53 a factor of 636?
True
Does 87 divide 1479?
True
Is 12 a factor of 1161?
False
Does 17 divide 331?
False
Does 12 divide 4356?
True
Is 16 a factor of 1312?
True
Does 33 divide 726?
True
Does 11 divide 52536?
True
Is 762 a multiple of 30?
False
Is 23 a factor of 99521?
True
Does 55 divide 21636?
False
Does 141 divide 72290?
False
Is 152 a mul